{"id":370,"date":"2023-02-28T01:46:28","date_gmt":"2023-02-28T01:46:28","guid":{"rendered":"https:\/\/somosgrupofjm.com\/?post_type=product&#038;p=370"},"modified":"2026-02-20T22:01:38","modified_gmt":"2026-02-20T22:01:38","slug":"revolvedora-de-concreto-cipsa-ultra-10","status":"publish","type":"product","link":"https:\/\/somosgrupofjm.com\/index.php\/product\/revolvedora-de-concreto-cipsa-ultra-10\/","title":{"rendered":"Revolvedora de Concreto CIPSA Ultra 10"},"content":{"rendered":"<p>Especificaciones:<\/p>\n<p>&nbsp;<\/p>\n<p>Revolvedora cipsa de concreto con olla de acero perfectamente balanceada y resistente ante golpes y fisuras que se pueden ir generando a trav\u00e9s del tiempo. Retocada con pintura en polvo para disminuir el impacto de da\u00f1o ecol\u00f3gico. Con capacidad de un saco y llantas neum\u00e1ticas de 12&#8243;.<\/p>\n<p>Esta revolvedora cipsa facilita y agiliza las mezclas de concreto durante su uso, y dentro de cualquier obra pues es un producto f\u00e1cil de trasladar, tiene unas dimensiones considerables as\u00ed que puede ser utilizado en espacios reducidos y abiertos.<\/p>\n","protected":false},"excerpt":{"rendered":"<div class=\"elementor-element elementor-element-547c6de9 ob-harakiri-inherit ob-has-background-overlay elementor-widget elementor-widget-text-editor ob-harakiri\" data-id=\"547c6de9\" data-element_type=\"widget\" data-settings=\"{&quot;_ob_use_harakiri&quot;:&quot;yes&quot;,&quot;_ob_harakiri_writing_mode&quot;:&quot;inherit&quot;,&quot;_ob_postman_use&quot;:&quot;no&quot;,&quot;_ob_perspektive_use&quot;:&quot;no&quot;,&quot;_ob_poopart_use&quot;:&quot;yes&quot;,&quot;_ob_shadough_use&quot;:&quot;no&quot;,&quot;_ob_allow_hoveranimator&quot;:&quot;no&quot;,&quot;_ob_widget_stalker_use&quot;:&quot;no&quot;}\" data-widget_type=\"text-editor.default\">\n<div class=\"elementor-widget-container\">Vol\u00famen de Olla: 350 litros<\/div>\n<\/div>\n<div class=\"elementor-element elementor-element-55eef9f ob-has-background-overlay elementor-widget elementor-widget-jet-listing-dynamic-field\" data-id=\"55eef9f\" data-element_type=\"widget\" data-settings=\"{&quot;_ob_perspektive_use&quot;:&quot;no&quot;,&quot;_ob_poopart_use&quot;:&quot;yes&quot;,&quot;_ob_shadough_use&quot;:&quot;no&quot;,&quot;_ob_allow_hoveranimator&quot;:&quot;no&quot;,&quot;_ob_widget_stalker_use&quot;:&quot;no&quot;}\" data-widget_type=\"jet-listing-dynamic-field.default\">\n<div class=\"elementor-widget-container\">\n<div class=\"jet-listing jet-listing-dynamic-field display-inline\">\n<div class=\"jet-listing-dynamic-field__inline-wrap\">\n<div class=\"jet-listing-dynamic-field__content\">Marca: CIPSA<\/div>\n<\/div>\n<\/div>\n<\/div>\n<\/div>\n<div class=\"elementor-element elementor-element-c1a1316 ob-has-background-overlay elementor-widget elementor-widget-jet-listing-dynamic-field\" data-id=\"c1a1316\" data-element_type=\"widget\" data-settings=\"{&quot;_ob_perspektive_use&quot;:&quot;no&quot;,&quot;_ob_poopart_use&quot;:&quot;yes&quot;,&quot;_ob_shadough_use&quot;:&quot;no&quot;,&quot;_ob_allow_hoveranimator&quot;:&quot;no&quot;,&quot;_ob_widget_stalker_use&quot;:&quot;no&quot;}\" data-widget_type=\"jet-listing-dynamic-field.default\">\n<div class=\"elementor-widget-container\">\n<div class=\"jet-listing jet-listing-dynamic-field display-inline\">\n<div class=\"jet-listing-dynamic-field__inline-wrap\">\n<div class=\"jet-listing-dynamic-field__content\">Modelo: Ultra 10<\/div>\n<\/div>\n<\/div>\n<\/div>\n<\/div>\n<div class=\"elementor-element elementor-element-ab43ea8 ob-has-background-overlay elementor-widget elementor-widget-jet-listing-dynamic-field\" data-id=\"ab43ea8\" data-element_type=\"widget\" data-settings=\"{&quot;_ob_perspektive_use&quot;:&quot;no&quot;,&quot;_ob_poopart_use&quot;:&quot;yes&quot;,&quot;_ob_shadough_use&quot;:&quot;no&quot;,&quot;_ob_allow_hoveranimator&quot;:&quot;no&quot;,&quot;_ob_widget_stalker_use&quot;:&quot;no&quot;}\" data-widget_type=\"jet-listing-dynamic-field.default\">\n<div class=\"elementor-widget-container\">\n<div class=\"jet-listing jet-listing-dynamic-field display-inline\">\n<div class=\"jet-listing-dynamic-field__inline-wrap\">\n<div class=\"jet-listing-dynamic-field__content\"><\/div>\n<\/div>\n<\/div>\n<\/div>\n<\/div>\n","protected":false},"featured_media":371,"comment_status":"open","ping_status":"closed","template":"","meta":{"om_disable_all_campaigns":false,"_mi_skip_tracking":false,"_joinchat":[]},"product_cat":[26,44],"product_tag":[],"aioseo_notices":[],"_links":{"self":[{"href":"https:\/\/somosgrupofjm.com\/index.php\/wp-json\/wp\/v2\/product\/370"}],"collection":[{"href":"https:\/\/somosgrupofjm.com\/index.php\/wp-json\/wp\/v2\/product"}],"about":[{"href":"https:\/\/somosgrupofjm.com\/index.php\/wp-json\/wp\/v2\/types\/product"}],"replies":[{"embeddable":true,"href":"https:\/\/somosgrupofjm.com\/index.php\/wp-json\/wp\/v2\/comments?post=370"}],"wp:featuredmedia":[{"embeddable":true,"href":"https:\/\/somosgrupofjm.com\/index.php\/wp-json\/wp\/v2\/media\/371"}],"wp:attachment":[{"href":"https:\/\/somosgrupofjm.com\/index.php\/wp-json\/wp\/v2\/media?parent=370"}],"wp:term":[{"taxonomy":"product_cat","embeddable":true,"href":"https:\/\/somosgrupofjm.com\/index.php\/wp-json\/wp\/v2\/product_cat?post=370"},{"taxonomy":"product_tag","embeddable":true,"href":"https:\/\/somosgrupofjm.com\/index.php\/wp-json\/wp\/v2\/product_tag?post=370"}],"curies":[{"name":"wp","href":"https:\/\/api.w.org\/{rel}","templated":true}]}}